r when 259 is divided by 31?
11
Calculate the remainder when 621 is divided by 48.
45
Calculate the remainder when 4175 is divided by 110.
105
Calculate the remainder when 122 is divided by 62.
60
Calculate the remainder when 283 is divided by 96.
91
What is the remainder when 44 is divided by 9?
8
What is the remainder when 9935 is divided by 72?
71
What is the remainder when 3509 is divided by 695?
34
Calculate the remainder when 6155 is divided by 47.
45
Calculate the remainder when 450 is divided by 210.
30
What is the remainder when 394 is divided by 66?
64
What is the remainder when 1027 is divided by 388?
251
What is the remainder when 92 is divided by 24?
20
What is the remainder when 17 is divided by 11?
6
What is the remainder when 1013 is divided by 257?
242
What is the remainder when 651 is divided by 23?
7
Calculate the remainder when 179 is divided by 66.
47
What is the remainder when 118 is divided by 17?
16
Calculate the remainder when 462 is divided by 139.
45
Calculate the remainder when 471 is divided by 43.
41
What is the remainder when 2099 is divided by 50?
49
Calculate the remainder when 405 is divided by 361.
44
What is the remainder when 607 is divided by 11?
2
Calculate the remainder when 9099 is divided by 123.
120
Calculate the remainder when 223 is divided by 8.
7
Calculate the remainder when 389 is divided by 98.
95
Calculate the remainder when 411 is divided by 25.
11
What is the remainder when 100 is divided by 26?
22
What is the remainder when 74 is divided by 28?
18
What is the remainder when 1701 is divided by 24?
21
Calculate the remainder when 376 is divided by 183.
10
Calculate the remainder when 394 is divided by 66.
64
Calculate the remainder when 203 is divided by 52.
47
Calculate the remainder when 541 is divided by 32.
29
Calculate the remainder when 53 is divided by 14.
11
What is the remainder when 133 is divided by 17?
14
What is the remainder when 484 is divided by 27?
25
Calculate the remainder when 804 is divided by 81.
75
What is the remainder when 88 is divided by 59?
29
What is the remainder when 152 is divided by 27?
17
Calculate the remainder when 339 is divided by 114.
111
What is the remainder when 115 is divided by 25?
15
Calculate the remainder when 7347 is divided by 10.
7
What is the remainder when 611 is divided by 41?
37
What is the remainder when 946 is divided by 233?
14
What is the remainder when 326 is divided by 50?
26
What is the remainder when 370 is divided by 157?
56
Calculate the remainder when 356 is divided by 72.
68
What is the remainder when 1095 is divided by 41?
29
What is the remainder when 232 is divided by 75?
7
What is the remainder when 188 is divided by 80?
28
Calculate the remainder when 290 is divided by 149.
141
What is the remainder when 418 is divided by 6?
4
Calculate the remainder when 38 is divided by 34.
4
Calculate the remainder when 14 is divided by 9.
5
Calculate the remainder when 118 is divided by 12.
10
What is the remainder when 224 is divided by 46?
40
What is the remainder when 161 is divided by 9?
8
Calculate the remainder when 1413 is divided by 89.
78
Calculate the remainder when 77 is divided by 32.
13
Calculate the remainder when 8399 is divided by 20.
19
What is the remainder when 275 is divided by 68?
3
What is the remainder when 825 is divided by 7?
6
What is the remainder when 121 is divided by 11?
0
Calculate the remainder when 552 is divided by 42.
6
What is the remainder when 112 is divided by 24?
16
What is the remainder when 31319 is divided by 54?
53
Calculate the remainder when 178 is divided by 18.
16
Calculate the remainder when 55 is divided by 35.
20
What is the remainder when 461 is divided by 157?
147
Calculate the remainder when 33 is divided by 17.
16
Calculate the remainder when 141 is divided by 21.
15
What is the remainder when 1461 is divided by 14?
5
What is the remainder when 8522 is divided by 29?
25
Calculate the remainder when 69 is divided by 22.
3
What is the remainder when 117 is divided by 15?
12
Calculate the remainder when 80 is divided by 23.
11
What is the remainder when 858 is divided by 139?
24
Calculate the remainder when 46 is divided by 25.
21
Calculate the remainder when 267 is divided by 25.
17
Calculate the remainder when 1276 is divided by 328.
292
What is the remainder when 655 is divided by 107?
13
What is the remainder when 64 is divided by 29?
6
Calculate the remainder when 128 is divided by 50.
28
What is the remainder when 6627 is divided by 78?
75
What is the remainder when 417 is divided by 196?
25
What is the remainder when 195 is divided by 145?
50
What is the remainder when 320 is divided by 12?
8
Calculate the remainder when 50 is divided by 18.
14
Calculate the remainder when 401 is divided by 37.
31
What is the remainder when 729 is divided by 19?
7
Calculate the remainder when 922 is divided by 11.
9
Calculate the remainder when 2497 is divided by 415.
7
What is the remainder when 1152 is divided by 27?
18
What is the remainder when 17185 is divided by 38?
9
Calculate the remainder when 2562 is divided by 67.
16
What is the remainder when 58 is divided by 6?
4
Calculate the remainder when 9538 is divided by 26.
22
What is the remainder when 78 is divided by 10?
8
What is the remainder when 123 is divided by 19?
9
What is the remainder when 1044 is divided by 89?
65
What is the remainder when 928 is divided by 62?
60
What is the remainder when 105 is divided by 45?
15
Calculate the remainder when 67 is divided by 12.
7
What is the remainder when 247 is divided by 26?
13
What is the remainder when 3500 is divided by 349?
10
What is the remainder when 34 is divided by 21?
13
What is the remainder when 2640 is divided by 115?
110
What is the remainder when 11621 is divided by 342?
335
What is the remainder when 86 is divided by 8?
6
What is the remainder when 175 is divided by 23?
14
What is the remainder when 9910 is divided by 300?
10
Calculate the remainder when 73 is divided by 19.
16
What is the remainder when 309 is divided by 152?
5
What is the remainder when 143 is divided by 5?
3
What is the remainder when 140 is divided by 41?
17
Calculate the remainder when 1026 is divided by 149.
132
What is the remainder when 28 is divided by 27?
1
Calculate the remainder when 1998 is divided by 281.
31
What is the remainder when 29 is divided by 1?
0
What is the remainder when 810 is divided by 408?
402
Calculate the remainder when 51 is divided by 19.
13
What is the remainder when 2920 is divided by 67?
39
What is the remainder when 367 is divided by 176?
15
Calculate the remainder when 3890 is divided by 554.
12
Calculate the remainder when 505 is divided by 122.
17
What is the remainder when 393 is divided by 5?
3
What is the remainder when 296 is divided by 42?
2
What is the remainder when 2458 is divided by 5?
3
Calculate the remainder when 55 is divided by 35.
20
Calculate the remainder when 231 is divided by 13.
10
Calculate the remainder when 511 is divided by 16.
15
Calculate the remainder when 185 is divided by 32.
25
What is the remainder when 120 is divided by 26?
16
What is the remainder when 141 is divided by 93?
48
Calculate the remainder when 1096 is divided by 217.
11
Calculate the remainder when 146 is divided by 124.
22
What is the remainder when 2587 is divided by 79?
59
What is the remainder when 322 is divided by 104?
10
Calculate the remainder when 1282 is divided by 161.
155
What is the remainder when 174 is divided by 21?
6
Calculate the remainder when 1567 is divided by 12.
7
Calculate the remainder when 557 is divided by 27.
17
Calculate the remainder when 93 is divided by 6.
3
What is the remainder when 999 is divided by 462?
75
What is the remainder when 79 is divided by 35?
9
Calculate the remainder when 1631 is divided by 74.
3
Calculate the remainder when 177 is divided by 42.
9
Calculate the remainder when 418 is divided by 60.
58
Calculate the remainder when 4176 is divided by 1392.
0
What is the remainder when 482 is divided by 11?
9
Calculate the remainder when 29 is divided by 16.
13
Calculate the remainder when 1926 is divided by 92.
86
Calculate the remainder when 2241 is divided by 68.
65
Calculate the remainder when 3803 is divided by 47.
43